{"id":230,"date":"2021-02-21T13:27:21","date_gmt":"2021-02-21T12:27:21","guid":{"rendered":"http:\/\/chaletdusoldat.ch\/?page_id=230"},"modified":"2021-02-27T14:57:43","modified_gmt":"2021-02-27T13:57:43","slug":"veranstaltung-exklusiv-feier","status":"publish","type":"page","link":"https:\/\/chaletdusoldat.ch\/de\/informationen\/veranstaltung-exklusiv-feier\/","title":{"rendered":"Veranstaltung Exklusiv Feier"},"content":{"rendered":"\n<p>Ihr Anlass im Chalet du Soldat \/ Seminarraum<\/p>\n\n\n\n<p><strong>Familienfeier \/ Seminarraum \/ Vortr\u00e4ge \/ Sitzungen<\/strong><\/p>\n\n\n\n<p>In unserem Haus befindet sich ein Seminarraum, welcher f\u00fcr Sitzungen, Pr\u00e4sentationen, Vortr\u00e4ge oder Seminare genutzt werden kann. Auch f\u00fcr Gesellschaften oder eine Familienfeier, bis 20 Personen, eignet sich dieser Raum sehr gut.<\/p>\n\n\n\n<p>Kontaktieren Sie uns doch f\u00fcr Ihren Anlass und wir unterbreiten Ihnen gerne ein Angebot.<\/p>\n\n\n\n<p><strong>Exklusiv \/ geschlossene Gesellschaft<\/strong><\/p>\n\n\n\n<p>Das ganze Haus f\u00fcr Sie alleine? Das ist m\u00f6glich. Bereits ab 45 Personen, welche hier \u00fcbernachten und essen (Abendessen und Fr\u00fchst\u00fcck), k\u00f6nnen wir Ihnen das Chalet exklusiv f\u00fcr Ihren Anlass \/ Ihre Gesellschaft anbieten.<\/p>\n\n\n\n<p>F\u00fcr eine geschlossene Gesellschaft im Chalet, ist je nach den bereits vorgenommenen Reservierungen, ein Freitagabend im Mai, September und Oktober eine gute Option. Im Juli und August ist keine geschlossene Gesellschaften m\u00f6glich. F\u00fcr eine Reservierung ausserhalb der offiziellen \u00d6ffnungszeiten des Chalet kontaktieren Sie uns bitte telefonisch unter +41 (0)26 929 82 35 oder via +41 (0)79 247 63 32.<\/p>\n\n\n\n<p>Reservieren Sie rechtzeitig &#8211; wir freuen uns auf Sie.<\/p>\n\n\n\n<p><strong>Hochzeitsfeier \/ Hochzeitsfest<\/strong><\/p>\n\n\n\n<p>Feiern Sie bei uns Ihr Hochzeitsfest. F\u00fcr Gesellschaften die es gerne gem\u00fctlich-festlich m\u00f6gen und eine tolle Zeit zusammen verbringen m\u00f6chten, ist unser Chalet genau das Richtige. Zwar kann man nicht mit der Strech-Limousine vorfahren und die Abend-Garderobe wird kaum aus dem \u00fcppigen Ballkleid bestehen. Daf\u00fcr bieten wir Ihnen viel Herzlichkeit, keine Massenabfertigung, Exklusivit\u00e4t, tolle Aussicht, n\u00e4he zur Natur, eine Kinder- und Familientaugliche Unterkunft und Umgebung und einen wunderbaren Ort, an welchen Sie sich und Ihre G\u00e4ste noch lange positiv erinnern werden.<\/p>\n\n\n\n<p>Sprechen Sie uns auf Ihr geplantes Hochzeitsfest an und reservieren Sie rechtzeitig.<br>Toll, dass Sie sich trauen.<\/p>\n\n\n\n<p><strong>Impressionen<\/strong><\/p>\n\n\n\n<figure class=\"wp-block-gallery columns-3 is-cropped wp-block-gallery-1 is-layout-flex wp-block-gallery-is-layout-flex\"><ul class=\"blocks-gallery-grid\"><li class=\"blocks-gallery-item\"><figure><img loading=\"lazy\" decoding=\"async\" width=\"600\" height=\"400\" src=\"http:\/\/chaletdusoldat.ch\/wp-content\/uploads\/2021\/02\/chaletdusoldat_hochzeit_01.jpg\" alt=\"\" data-id=\"231\" data-full-url=\"http:\/\/chaletdusoldat.ch\/wp-content\/uploads\/2021\/02\/chaletdusoldat_hochzeit_01.jpg\" data-link=\"http:\/\/chaletdusoldat.ch\/?attachment_id=231\" class=\"wp-image-231\" srcset=\"https:\/\/chaletdusoldat.ch\/wp-content\/uploads\/2021\/02\/chaletdusoldat_hochzeit_01.jpg 600w, https:\/\/chaletdusoldat.ch\/wp-content\/uploads\/2021\/02\/chaletdusoldat_hochzeit_01-300x200.jpg 300w\" sizes=\"auto, (max-width: 600px) 100vw, 600px\" \/><\/figure><\/li><li class=\"blocks-gallery-item\"><figure><img loading=\"lazy\" decoding=\"async\" width=\"600\" height=\"400\" src=\"http:\/\/chaletdusoldat.ch\/wp-content\/uploads\/2021\/02\/chaletdusoldat_hochzeit_02.jpg\" alt=\"\" data-id=\"234\" data-full-url=\"http:\/\/chaletdusoldat.ch\/wp-content\/uploads\/2021\/02\/chaletdusoldat_hochzeit_02.jpg\" data-link=\"http:\/\/chaletdusoldat.ch\/?attachment_id=234\" class=\"wp-image-234\" srcset=\"https:\/\/chaletdusoldat.ch\/wp-content\/uploads\/2021\/02\/chaletdusoldat_hochzeit_02.jpg 600w, https:\/\/chaletdusoldat.ch\/wp-content\/uploads\/2021\/02\/chaletdusoldat_hochzeit_02-300x200.jpg 300w\" sizes=\"auto, (max-width: 600px) 100vw, 600px\" \/><\/figure><\/li><li class=\"blocks-gallery-item\"><figure><img loading=\"lazy\" decoding=\"async\" width=\"600\" height=\"400\" src=\"http:\/\/chaletdusoldat.ch\/wp-content\/uploads\/2021\/02\/chaletdusoldat_hochzeit_03.jpg\" alt=\"\" data-id=\"237\" data-full-url=\"http:\/\/chaletdusoldat.ch\/wp-content\/uploads\/2021\/02\/chaletdusoldat_hochzeit_03.jpg\" data-link=\"http:\/\/chaletdusoldat.ch\/?attachment_id=237\" class=\"wp-image-237\" srcset=\"https:\/\/chaletdusoldat.ch\/wp-content\/uploads\/2021\/02\/chaletdusoldat_hochzeit_03.jpg 600w, https:\/\/chaletdusoldat.ch\/wp-content\/uploads\/2021\/02\/chaletdusoldat_hochzeit_03-300x200.jpg 300w\" sizes=\"auto, (max-width: 600px) 100vw, 600px\" \/><\/figure><\/li><li class=\"blocks-gallery-item\"><figure><img loading=\"lazy\" decoding=\"async\" width=\"600\" height=\"400\" src=\"http:\/\/chaletdusoldat.ch\/wp-content\/uploads\/2021\/02\/chaletdusoldat_hochzeit_04.jpg\" alt=\"\" data-id=\"240\" data-full-url=\"http:\/\/chaletdusoldat.ch\/wp-content\/uploads\/2021\/02\/chaletdusoldat_hochzeit_04.jpg\" data-link=\"http:\/\/chaletdusoldat.ch\/?attachment_id=240\" class=\"wp-image-240\" srcset=\"https:\/\/chaletdusoldat.ch\/wp-content\/uploads\/2021\/02\/chaletdusoldat_hochzeit_04.jpg 600w, https:\/\/chaletdusoldat.ch\/wp-content\/uploads\/2021\/02\/chaletdusoldat_hochzeit_04-300x200.jpg 300w\" sizes=\"auto, (max-width: 600px) 100vw, 600px\" \/><\/figure><\/li><li class=\"blocks-gallery-item\"><figure><img loading=\"lazy\" decoding=\"async\" width=\"600\" height=\"400\" src=\"http:\/\/chaletdusoldat.ch\/wp-content\/uploads\/2021\/02\/chaletdusoldat_hochzeit_05.jpg\" alt=\"\" data-id=\"243\" data-full-url=\"http:\/\/chaletdusoldat.ch\/wp-content\/uploads\/2021\/02\/chaletdusoldat_hochzeit_05.jpg\" data-link=\"http:\/\/chaletdusoldat.ch\/?attachment_id=243\" class=\"wp-image-243\" srcset=\"https:\/\/chaletdusoldat.ch\/wp-content\/uploads\/2021\/02\/chaletdusoldat_hochzeit_05.jpg 600w, https:\/\/chaletdusoldat.ch\/wp-content\/uploads\/2021\/02\/chaletdusoldat_hochzeit_05-300x200.jpg 300w\" sizes=\"auto, (max-width: 600px) 100vw, 600px\" \/><\/figure><\/li><li class=\"blocks-gallery-item\"><figure><img loading=\"lazy\" decoding=\"async\" width=\"600\" height=\"400\" src=\"http:\/\/chaletdusoldat.ch\/wp-content\/uploads\/2021\/02\/chaletdusoldat_hochzeit_07.jpg\" alt=\"\" data-id=\"249\" data-full-url=\"http:\/\/chaletdusoldat.ch\/wp-content\/uploads\/2021\/02\/chaletdusoldat_hochzeit_07.jpg\" data-link=\"http:\/\/chaletdusoldat.ch\/?attachment_id=249\" class=\"wp-image-249\" srcset=\"https:\/\/chaletdusoldat.ch\/wp-content\/uploads\/2021\/02\/chaletdusoldat_hochzeit_07.jpg 600w, https:\/\/chaletdusoldat.ch\/wp-content\/uploads\/2021\/02\/chaletdusoldat_hochzeit_07-300x200.jpg 300w\" sizes=\"auto, (max-width: 600px) 100vw, 600px\" \/><\/figure><\/li><li class=\"blocks-gallery-item\"><figure><img loading=\"lazy\" decoding=\"async\" width=\"600\" height=\"400\" src=\"http:\/\/chaletdusoldat.ch\/wp-content\/uploads\/2021\/02\/chaletdusoldat_hochzeit_06.jpg\" alt=\"\" data-id=\"246\" data-full-url=\"http:\/\/chaletdusoldat.ch\/wp-content\/uploads\/2021\/02\/chaletdusoldat_hochzeit_06.jpg\" data-link=\"http:\/\/chaletdusoldat.ch\/?attachment_id=246\" class=\"wp-image-246\" srcset=\"https:\/\/chaletdusoldat.ch\/wp-content\/uploads\/2021\/02\/chaletdusoldat_hochzeit_06.jpg 600w, https:\/\/chaletdusoldat.ch\/wp-content\/uploads\/2021\/02\/chaletdusoldat_hochzeit_06-300x200.jpg 300w\" sizes=\"auto, (max-width: 600px) 100vw, 600px\" \/><\/figure><\/li><li class=\"blocks-gallery-item\"><figure><img loading=\"lazy\" decoding=\"async\" width=\"600\" height=\"400\" src=\"http:\/\/chaletdusoldat.ch\/wp-content\/uploads\/2021\/02\/chaletdusoldat_hochzeit_08.jpg\" alt=\"\" data-id=\"252\" data-full-url=\"http:\/\/chaletdusoldat.ch\/wp-content\/uploads\/2021\/02\/chaletdusoldat_hochzeit_08.jpg\" data-link=\"http:\/\/chaletdusoldat.ch\/?attachment_id=252\" class=\"wp-image-252\" srcset=\"https:\/\/chaletdusoldat.ch\/wp-content\/uploads\/2021\/02\/chaletdusoldat_hochzeit_08.jpg 600w, https:\/\/chaletdusoldat.ch\/wp-content\/uploads\/2021\/02\/chaletdusoldat_hochzeit_08-300x200.jpg 300w\" sizes=\"auto, (max-width: 600px) 100vw, 600px\" \/><\/figure><\/li><\/ul><\/figure>\n","protected":false},"excerpt":{"rendered":"<p>Ihr Anlass im Chalet du Soldat \/ Seminarraum Familienfeier \/ Seminarraum \/ Vortr\u00e4ge \/ Sitzungen In unserem Haus befindet sich ein Seminarraum, welcher f\u00fcr Sitzungen,<\/p>\n<p><a href=\"https:\/\/chaletdusoldat.ch\/de\/informationen\/veranstaltung-exklusiv-feier\/\" class=\"more-link\">Read More<span class=\"screen-reader-text\">Veranstaltung Exklusiv Feier<\/span><\/a><\/p>\n","protected":false},"author":1,"featured_media":0,"parent":35,"menu_order":3,"comment_status":"closed","ping_status":"closed","template":"","meta":{"footnotes":""},"class_list":["post-230","page","type-page","status-publish","hentry"],"_links":{"self":[{"href":"https:\/\/chaletdusoldat.ch\/de\/wp-json\/wp\/v2\/pages\/230","targetHints":{"allow":["GET"]}}],"collection":[{"href":"https:\/\/chaletdusoldat.ch\/de\/wp-json\/wp\/v2\/pages"}],"about":[{"href":"https:\/\/chaletdusoldat.ch\/de\/wp-json\/wp\/v2\/types\/page"}],"author":[{"embeddable":true,"href":"https:\/\/chaletdusoldat.ch\/de\/wp-json\/wp\/v2\/users\/1"}],"replies":[{"embeddable":true,"href":"https:\/\/chaletdusoldat.ch\/de\/wp-json\/wp\/v2\/comments?post=230"}],"version-history":[{"count":2,"href":"https:\/\/chaletdusoldat.ch\/de\/wp-json\/wp\/v2\/pages\/230\/revisions"}],"predecessor-version":[{"id":405,"href":"https:\/\/chaletdusoldat.ch\/de\/wp-json\/wp\/v2\/pages\/230\/revisions\/405"}],"up":[{"embeddable":true,"href":"https:\/\/chaletdusoldat.ch\/de\/wp-json\/wp\/v2\/pages\/35"}],"wp:attachment":[{"href":"https:\/\/chaletdusoldat.ch\/de\/wp-json\/wp\/v2\/media?parent=230"}],"curies":[{"name":"wp","href":"https:\/\/api.w.org\/{rel}","templated":true}]}}

<p>Ihr Anlass im Chalet du Soldat / Seminarraum</p>



<p><strong>Familienfeier / Seminarraum / Vorträge / Sitzungen</strong></p>



<p>In unserem Haus befindet sich ein Seminarraum, welcher für Sitzungen, Präsentationen, Vorträge oder Seminare genutzt werden kann. Auch für Gesellschaften oder eine Familienfeier, bis 20 Personen, eignet sich dieser Raum sehr gut.</p>



<p>Kontaktieren Sie uns doch für Ihren Anlass und wir unterbreiten Ihnen gerne ein Angebot.</p>



<p><strong>Exklusiv / geschlossene Gesellschaft</strong></p>



<p>Das ganze Haus für Sie alleine? Das ist möglich. Bereits ab 45 Personen, welche hier übernachten und essen (Abendessen und Frühstück), können wir Ihnen das Chalet exklusiv für Ihren Anlass / Ihre Gesellschaft anbieten.</p>



<p>Für eine geschlossene Gesellschaft im Chalet, ist je nach den bereits vorgenommenen Reservierungen, ein Freitagabend im Mai, September und Oktober eine gute Option. Im Juli und August ist keine geschlossene Gesellschaften möglich. Für eine Reservierung ausserhalb der offiziellen Öffnungszeiten des Chalet kontaktieren Sie uns bitte telefonisch unter +41 (0)26 929 82 35 oder via +41 (0)79 247 63 32.</p>



<p>Reservieren Sie rechtzeitig &#8211; wir freuen uns auf Sie.</p>



<p><strong>Hochzeitsfeier / Hochzeitsfest</strong></p>



<p>Feiern Sie bei uns Ihr Hochzeitsfest. Für Gesellschaften die es gerne gemütlich-festlich mögen und eine tolle Zeit zusammen verbringen möchten, ist unser Chalet genau das Richtige. Zwar kann man nicht mit der Strech-Limousine vorfahren und die Abend-Garderobe wird kaum aus dem üppigen Ballkleid bestehen. Dafür bieten wir Ihnen viel Herzlichkeit, keine Massenabfertigung, Exklusivität, tolle Aussicht, nähe zur Natur, eine Kinder- und Familientaugliche Unterkunft und Umgebung und einen wunderbaren Ort, an welchen Sie sich und Ihre Gäste noch lange positiv erinnern werden.</p>



<p>Sprechen Sie uns auf Ihr geplantes Hochzeitsfest an und reservieren Sie rechtzeitig.<br>Toll, dass Sie sich trauen.</p>



<p><strong>Impressionen</strong></p>



<figure class="wp-block-gallery columns-3 is-cropped wp-block-gallery-1 is-layout-flex wp-block-gallery-is-layout-flex"><ul class="blocks-gallery-grid"><li class="blocks-gallery-item"><figure><img loading="lazy" decoding="async" width="600" height="400" src="http://chaletdusoldat.ch/wp-content/uploads/2021/02/chaletdusoldat_hochzeit_01.jpg" alt="" data-id="231" data-full-url="http://chaletdusoldat.ch/wp-content/uploads/2021/02/chaletdusoldat_hochzeit_01.jpg" data-link="http://chaletdusoldat.ch/?attachment_id=231" class="wp-image-231" srcset="https://chaletdusoldat.ch/wp-content/uploads/2021/02/chaletdusoldat_hochzeit_01.jpg 600w, https://chaletdusoldat.ch/wp-content/uploads/2021/02/chaletdusoldat_hochzeit_01-300x200.jpg 300w" sizes="auto, (max-width: 600px) 100vw, 600px" /></figure></li><li class="blocks-gallery-item"><figure><img loading="lazy" decoding="async" width="600" height="400" src="http://chaletdusoldat.ch/wp-content/uploads/2021/02/chaletdusoldat_hochzeit_02.jpg" alt="" data-id="234" data-full-url="http://chaletdusoldat.ch/wp-content/uploads/2021/02/chaletdusoldat_hochzeit_02.jpg" data-link="http://chaletdusoldat.ch/?attachment_id=234" class="wp-image-234" srcset="https://chaletdusoldat.ch/wp-content/uploads/2021/02/chaletdusoldat_hochzeit_02.jpg 600w, https://chaletdusoldat.ch/wp-content/uploads/2021/02/chaletdusoldat_hochzeit_02-300x200.jpg 300w" sizes="auto, (max-width: 600px) 100vw, 600px" /></figure></li><li class="blocks-gallery-item"><figure><img loading="lazy" decoding="async" width="600" height="400" src="http://chaletdusoldat.ch/wp-content/uploads/2021/02/chaletdusoldat_hochzeit_03.jpg" alt="" data-id="237" data-full-url="http://chaletdusoldat.ch/wp-content/uploads/2021/02/chaletdusoldat_hochzeit_03.jpg" data-link="http://chaletdusoldat.ch/?attachment_id=237" class="wp-image-237" srcset="https://chaletdusoldat.ch/wp-content/uploads/2021/02/chaletdusoldat_hochzeit_03.jpg 600w, https://chaletdusoldat.ch/wp-content/uploads/2021/02/chaletdusoldat_hochzeit_03-300x200.jpg 300w" sizes="auto, (max-width: 600px) 100vw, 600px" /></figure></li><li class="blocks-gallery-item"><figure><img loading="lazy" decoding="async" width="600" height="400" src="http://chaletdusoldat.ch/wp-content/uploads/2021/02/chaletdusoldat_hochzeit_04.jpg" alt="" data-id="240" data-full-url="http://chaletdusoldat.ch/wp-content/uploads/2021/02/chaletdusoldat_hochzeit_04.jpg" data-link="http://chaletdusoldat.ch/?attachment_id=240" class="wp-image-240" srcset="https://chaletdusoldat.ch/wp-content/uploads/2021/02/chaletdusoldat_hochzeit_04.jpg 600w, https://chaletdusoldat.ch/wp-content/uploads/2021/02/chaletdusoldat_hochzeit_04-300x200.jpg 300w" sizes="auto, (max-width: 600px) 100vw, 600px" /></figure></li><li class="blocks-gallery-item"><figure><img loading="lazy" decoding="async" width="600" height="400" src="http://chaletdusoldat.ch/wp-content/uploads/2021/02/chaletdusoldat_hochzeit_05.jpg" alt="" data-id="243" data-full-url="http://chaletdusoldat.ch/wp-content/uploads/2021/02/chaletdusoldat_hochzeit_05.jpg" data-link="http://chaletdusoldat.ch/?attachment_id=243" class="wp-image-243" srcset="https://chaletdusoldat.ch/wp-content/uploads/2021/02/chaletdusoldat_hochzeit_05.jpg 600w, https://chaletdusoldat.ch/wp-content/uploads/2021/02/chaletdusoldat_hochzeit_05-300x200.jpg 300w" sizes="auto, (max-width: 600px) 100vw, 600px" /></figure></li><li class="blocks-gallery-item"><figure><img loading="lazy" decoding="async" width="600" height="400" src="http://chaletdusoldat.ch/wp-content/uploads/2021/02/chaletdusoldat_hochzeit_07.jpg" alt="" data-id="249" data-full-url="http://chaletdusoldat.ch/wp-content/uploads/2021/02/chaletdusoldat_hochzeit_07.jpg" data-link="http://chaletdusoldat.ch/?attachment_id=249" class="wp-image-249" srcset="https://chaletdusoldat.ch/wp-content/uploads/2021/02/chaletdusoldat_hochzeit_07.jpg 600w, https://chaletdusoldat.ch/wp-content/uploads/2021/02/chaletdusoldat_hochzeit_07-300x200.jpg 300w" sizes="auto, (max-width: 600px) 100vw, 600px" /></figure></li><li class="blocks-gallery-item"><figure><img loading="lazy" decoding="async" width="600" height="400" src="http://chaletdusoldat.ch/wp-content/uploads/2021/02/chaletdusoldat_hochzeit_06.jpg" alt="" data-id="246" data-full-url="http://chaletdusoldat.ch/wp-content/uploads/2021/02/chaletdusoldat_hochzeit_06.jpg" data-link="http://chaletdusoldat.ch/?attachment_id=246" class="wp-image-246" srcset="https://chaletdusoldat.ch/wp-content/uploads/2021/02/chaletdusoldat_hochzeit_06.jpg 600w, https://chaletdusoldat.ch/wp-content/uploads/2021/02/chaletdusoldat_hochzeit_06-300x200.jpg 300w" sizes="auto, (max-width: 600px) 100vw, 600px" /></figure></li><li class="blocks-gallery-item"><figure><img loading="lazy" decoding="async" width="600" height="400" src="http://chaletdusoldat.ch/wp-content/uploads/2021/02/chaletdusoldat_hochzeit_08.jpg" alt="" data-id="252" data-full-url="http://chaletdusoldat.ch/wp-content/uploads/2021/02/chaletdusoldat_hochzeit_08.jpg" data-link="http://chaletdusoldat.ch/?attachment_id=252" class="wp-image-252" srcset="https://chaletdusoldat.ch/wp-content/uploads/2021/02/chaletdusoldat_hochzeit_08.jpg 600w, https://chaletdusoldat.ch/wp-content/uploads/2021/02/chaletdusoldat_hochzeit_08-300x200.jpg 300w" sizes="auto, (max-width: 600px) 100vw, 600px" /></figure></li></ul></figure>

<p>Ihr Anlass im Chalet du Soldat / Seminarraum Familienfeier / Seminarraum / Vorträge / Sitzungen In unserem Haus befindet sich ein Seminarraum, welcher für Sitzungen,</p>
<p><a href="https://chaletdusoldat.ch/de/informationen/veranstaltung-exklusiv-feier/" class="more-link">Read More<span class="screen-reader-text">Veranstaltung Exklusiv Feier</span></a></p>
